isor of 42 and 1344.
42
Calculate the highest common divisor of 1092 and 756.
84
Calculate the highest common factor of 2204 and 348.
116
Calculate the greatest common divisor of 116 and 70.
2
Calculate the greatest common divisor of 1353 and 1107.
123
What is the highest common factor of 76 and 20?
4
Calculate the highest common factor of 2323 and 115.
23
Calculate the highest common divisor of 22778 and 28.
14
What is the highest common factor of 1143 and 2413?
127
Calculate the highest common factor of 336 and 108.
12
What is the highest common divisor of 740 and 60?
20
What is the highest common factor of 140 and 196?
28
Calculate the highest common factor of 4 and 4276.
4
What is the highest common factor of 247 and 589?
19
Calculate the highest common factor of 36 and 342.
18
What is the highest common divisor of 570 and 33820?
190
What is the greatest common divisor of 36 and 58158?
18
What is the highest common divisor of 18 and 138?
6
What is the greatest common divisor of 3497 and 13?
13
Calculate the greatest common divisor of 1476 and 276.
12
What is the highest common divisor of 83 and 9?
1
What is the greatest common divisor of 305 and 427?
61
What is the greatest common divisor of 9 and 927?
9
What is the highest common factor of 632 and 4582?
158
Calculate the highest common divisor of 54 and 3942.
54
Calculate the greatest common factor of 1625 and 500.
125
What is the greatest common factor of 11495 and 19?
19
Calculate the highest common factor of 98 and 98.
98
Calculate the greatest common factor of 340 and 310.
10
What is the highest common factor of 23082 and 6?
6
Calculate the highest common factor of 2845 and 15.
5
What is the greatest common divisor of 96 and 8?
8
What is the highest common divisor of 38 and 1026?
38
What is the greatest common factor of 772 and 4825?
193
Calculate the greatest common divisor of 76 and 19.
19
What is the greatest common divisor of 64 and 74?
2
What is the greatest common divisor of 771 and 16448?
257
What is the highest common factor of 167 and 42752?
167
What is the highest common factor of 220 and 140?
20
Calculate the highest common divisor of 105 and 15.
15
What is the greatest common divisor of 18 and 18?
18
Calculate the highest common factor of 5 and 45635.
5
What is the highest common divisor of 6 and 186?
6
What is the highest common factor of 287 and 82?
41
What is the highest common factor of 576 and 64?
64
What is the highest common factor of 552 and 192?
24
What is the highest common divisor of 18 and 768?
6
What is the highest common factor of 58 and 1682?
58
Calculate the highest common divisor of 6 and 11.
1
What is the highest common divisor of 2193 and 387?
129
Calculate the greatest common divisor of 1378 and 106.
106
What is the greatest common factor of 188 and 47?
47
Calculate the greatest common factor of 14274 and 1464.
366
Calculate the greatest common divisor of 205 and 8815.
205
What is the highest common divisor of 28 and 182?
14
What is the greatest common divisor of 96 and 84?
12
Calculate the highest common divisor of 102 and 1938.
102
Calculate the greatest common factor of 560 and 224.
112
Calculate the highest common factor of 22176 and 864.
288
What is the highest common factor of 1296 and 405?
81
Calculate the highest common divisor of 44 and 4444.
44
What is the greatest common factor of 16008 and 1218?
174
What is the greatest common factor of 246 and 25338?
246
What is the greatest common factor of 46 and 8027?
23
Calculate the highest common factor of 36 and 801.
9
Calculate the highest common divisor of 2416 and 151.
151
What is the highest common factor of 14 and 14686?
14
Calculate the greatest common divisor of 660 and 240.
60
What is the highest common factor of 64 and 2000?
16
What is the greatest common divisor of 297 and 396?
99
What is the greatest common factor of 108 and 63?
9
Calculate the highest common factor of 581 and 7.
7
Calculate the highest common divisor of 30 and 680.
10
What is the highest common divisor of 45 and 15?
15
What is the highest common factor of 5820 and 90?
30
What is the greatest common factor of 2313 and 3?
3
What is the greatest common divisor of 1636 and 12?
4
Calculate the greatest common divisor of 106 and 4399.
53
What is the greatest common factor of 52 and 24?
4
What is the highest common divisor of 7526 and 710?
142
Calculate the highest common factor of 80 and 60.
20
What is the highest common divisor of 12773 and 53?
53
What is the highest common divisor of 640 and 10?
10
What is the highest common factor of 450 and 486?
18
What is the greatest common factor of 4182 and 12?
6
What is the highest common divisor of 8 and 4168?
8
Calculate the greatest common factor of 65 and 10.
5
What is the greatest common divisor of 65 and 39?
13
What is the highest common divisor of 169 and 17?
1
What is the highest common divisor of 1332 and 216?
36
What is the highest common divisor of 63 and 171?
9
What is the greatest common factor of 138 and 6?
6
What is the greatest common divisor of 6990 and 120?
30
What is the greatest common divisor of 176 and 66?
22
What is the highest common factor of 407 and 925?
37
What is the highest common factor of 924 and 378?
42
Calculate the greatest common factor of 35 and 360.
5
What is the greatest common divisor of 2475 and 88?
11
What is the highest common divisor of 169 and 3575?
13
What is the highest common divisor of 60 and 1140?
60
What is the greatest common factor of 119 and 51?
17
Calculate the greatest common factor of 1046 and 8.
2
What is the greatest common factor of 1785 and 2205?
105
Calculate the highest common factor of 136 and 629.
17
What is the highest common divisor of 42 and 7644?
42
What is the greatest common divisor of 9559 and 11?
11
Calculate the greatest common factor of 111 and 481.
37
What is the highest common divisor of 3091 and 1967?
281
Calculate the highest common divisor of 4 and 236.
4
Calculate the highest common factor of 650 and 104.
26
What is the greatest common factor of 46 and 1472?
46
What is the highest common divisor of 68 and 92?
4
Calculate the greatest common factor of 31 and 279.
31
What is the greatest common factor of 247 and 39?
13
What is the greatest common divisor of 2270 and 240?
10
Calculate the greatest common divisor of 1125 and 15.
15
What is the greatest common divisor of 3888 and 288?
144
Calculate the greatest common factor of 675 and 100.
25
Calculate the greatest common divisor of 198 and 16.
2
Calculate the highest common divisor of 45518 and 22.
22
Calculate the highest common divisor of 400 and 128.
16
What is the greatest common factor of 27 and 801?
9
What is the highest common divisor of 385 and 70?
35
Calculate the highest common divisor of 325 and 1150.
25
What is the greatest common divisor of 4 and 20?
4
Calculate the highest common factor of 24 and 384.
24
Calculate the highest common divisor of 1638 and 672.
42
What is the greatest common factor of 15 and 30?
15
Calculate the highest common factor of 972 and 72.
36
Calculate the greatest common divisor of 50080 and 320.
160
Calculate the highest common factor of 22 and 33.
11
What is the greatest common divisor of 125 and 30?
5
What is the greatest common factor of 226 and 2599?
113
What is the highest common divisor of 4092 and 198?
66
What is the greatest common factor of 5 and 325?
5
What is the highest common divisor of 88 and 187?
11
Calculate the greatest common factor of 32 and 68.
4
Calculate the greatest common factor of 23 and 23.
23
Calculate the greatest common divisor of 1274 and 1976.
26
Calculate the highest common factor of 260 and 325.
65
Calculate the highest common factor of 500 and 40.
20
What is the highest common factor of 517 and 2397?
47
What is the greatest common divisor of 77 and 176?
11
Calculate the greatest common factor of 52 and 6604.
52
What is the greatest common divisor of 2533 and 1341?
149
Calculate the greatest common factor of 812 and 28.
28
Calculate the greatest common factor of 9256 and 52.
52
What is the highest common divisor of 356 and 1246?
178
What is the highest common factor of 32 and 124?
4
What is the highest common divisor of 48 and 180?
12
What is the greatest common divisor of 1654 and 2?
